Suppose -k = 3, -23 = -3*h + 2*k + 10. What is the remainder when h is divided by s?
0
Suppose -5*t + 4*b = -843, -503 = -t - 2*t + b. Let d = 174 - t. Let c = -42 - -60. What is the remainder when c is divided by d?
4
Let l(v) = v**3 + 6*v**2 + 4*v + 1. Let h be l(-5). Suppose -4*p = 2*d - 30, 0 = -d - p + 6*p - h. Calculate the remainder when 15 is divided by d.
6
Let u(f) = 5*f**3 - 2*f**2 - 2. Suppose -2*o + 5*d = -4*o + 18, -3*o + d = -10. Calculate the remainder when u(2) is divided by o.
2
Calculate the remainder when (-23 + -1)*196/(-42) is divided by 6.
4
Let r(d) = -d**2 + 4*d. Let m be r(1). Suppose -5*q = c - q - 27, 0 = -2*c - m*q + 29. What is the remainder when 63/2 - 1/(-2) is divided by c?
4
Let i(w) = -w**2 + w + 4. Let u be i(0). Suppose -4*b - 35 = -5*c, -4*b - 23 = -u*c + 9. Suppose 24 - c = 3*g. Calculate the remainder when 27 is divided by g.
6
Suppose -3*w + 173 = m + 4*m, 4*w + m - 208 = 0. Let s = -32 + w. What is the remainder when 94 is divided by s?
18
Let o(a) = -3 - 4*a + 3*a**2 + 0*a - 7*a - 4*a**2. What is the remainder when o(-6) is divided by 7?
6
Suppose -3 = b + n, 0 = -n - 4*n - 25. Suppose 258 = 4*x - b*q - 106, 178 = 2*x + q. What is the remainder when x is divided by 13?
12
Calculate the remainder when (2/(-5) - (-627)/55) + 0 is divided by 3.
2
Suppose -5*o - 240 = 5*f, -3*f - 82 = -f - 5*o. Let c = f - -79. Suppose 8*y - 617 = 415. Calculate the remainder when y is divided by c.
30
Let h(z) = z**2 + 4*z - 31. Suppose 6*b - 212 = 2*b. What is the remainder when b is divided by h(-9)?
11
Suppose 0 = 5*n - n + 2*g - 16, -8 = -4*g. What is the remainder when (-3 - 20/(-8))*-8 is divided by n?
1
Suppose 4*c = 2*c - 12. Calculate the remainder when (-39)/12*(c + -6) is divided by 21.
18
Suppose 14*f - 13*f - 17 = 0. Let z be (2/(-4))/((-5)/(-30)). What is the remainder when -2*z/(-12)*-96 is divided by f?
14
Suppose 2*f - 320 = -3*f. Let h = 149 - 138. What is the remainder when f is divided by h?
9
Let d(j) = 3 - 13*j + 1 + 11*j. Let c(v) = -5*v**2 + v - 1. Let x be c(1). Calculate the remainder when 51 is divided by d(x).
9
Let k be (-3354)/(-21) - (-4)/14. Suppose -6*x + 1 = -17. Suppose 3*u + 126 = 3*w, 0 = 4*w + u + x*u - k. Calculate the remainder when w is divided by 21.
20
What is the remainder when 18 is divided by 20/(-12) + (-105)/(-9)?
8
Let r(x) = -8*x + 194. Calculate the remainder when 848 is divided by r(23).
8
Suppose -19*j = -30*j + 627. What is the remainder when 215 is divided by j?
44
What is the remainder when 65 is divided by (12 - 1584/(-54))/((-2)/(-3))?
3
What is the remainder when 170 is divided by (-147 - 0)/(33/44*-4)?
23
Let o(i) = 37*i**2 + 3*i + 1. Calculate the remainder when 136 is divided by o(-1).
31
Suppose 0 = -4*j - o + 64 + 204, -5*j + o = -344. Let h = j + -57. What is the remainder when 41 is divided by h?
8
Suppose -2*q = -2*b + 26, 0*q - 2*q = 4*b - 58. Suppose v + o = 14, 5*o - b = -3*v + 36. What is the remainder when 68 is divided by v?
8
Let t = -176 - -262. Let m be t/(-10) + 33/55. Calculate the remainder when -3 - (m + 2) - -23 is divided by 14.
12
Suppose 6*a - 217 = 281. Suppose 5*w = -0*w + 215. Calculate the remainder when a is divided by w.
40
Let l = -110 - -181. Let x = -293 + 317. Calculate the remainder when l is divided by x.
23
Let z = 202 + -194. Suppose -5*d = -63 - 127. Calculate the remainder when d is divided by z.
6
Suppose 0 = -5*i - 0*k - k + 333, 4*k - 210 = -3*i. What is the remainder when 19 is divided by ((-2)/6 - 0)*i/(-2)?
8
What is the remainder when 262 is divided by 8 + 8/(-2) - 1950/(-15)?
128
Suppose -f - 25 = -2*f. Let t(v) = -v**3 + 9*v**2 + 4*v + 13. What is the remainder when t(9) is divided by f?
24
Suppose -7 - 8 = 3*j. Let b(v) = v + 3. Let h be b(j). Let w(z) = 14*z**2 - z + 1. What is the remainder when w(h) is divided by 31?
28
Suppose 2*p - 182 = -4*h + 48, -2*h + 3*p = -103. What is the remainder when h is divided by 5?
1
Suppose 0 = 2*g + 5*f + 33, 5*g = -2*f - 44 - 7. Let h be ((-3)/(-5))/(g/(-45)). What is the remainder when 5*9 + (h - 6) is divided by 15?
12
Suppose -2*c = c + 2268. Suppose -5*b = 5*g - 0*g - 55, 0 = 4*g + 5*b - 43. What is the remainder when c/(-35) - (-3)/(-5) is divided by g?
9
Calculate the remainder when 103 is divided by (-104)/65 - (-128)/5.
7
Let a(f) = 3*f**2 - 33*f - 4. Calculate the remainder when a(13) is divided by 64.
10
Let i(c) = c**3 + 5*c**2 + 2*c - 5. Let f be (-130)/13*2/5. Let m be i(f). Suppose -m*o + 3*b = -b - 42, 4*b = 0. What is the remainder when o is divided by 8?
6
Let t = 319 + -317. What is the remainder when 11 is divided by t?
1
Suppose -3*p = -4*y - 52, 30 - 10 = 4*y. Suppose -2*w - 5*q + 97 = -6*q, -2*w + 106 = -4*q. What is the remainder when w is divided by p?
23
Suppose -3*c + 3*j + 48 = 0, 5*j = -3*c + 7*j + 46. Calculate the remainder when 51 is divided by c.
9
Let s(i) = -2*i - 5. Let o be (96/(-60))/((-2)/(-25)). Let n be s(o). Let m = n - 19. What is the remainder when 27 is divided by m?
11
Let l(k) = k**3 + 64*k**2 + 119*k - 187. What is the remainder when l(-62) is divided by 35?
18
Suppose -6*y + 9*y = 192. Let p = -62 + y. Calculate the remainder when 45 is divided by p.
1
Suppose -2*i + 336 = i. Suppose i = 4*z - 7*z + 5*d, 0 = -2*z + 3*d - 74. Let o = -5 - z. What is the remainder when 113 is divided by o?
26
Suppose 4*y + 566 = 3*o + 9*y, 2*y = o - 196. Calculate the remainder when o is divided by 14.
10
What is the remainder when 11 is divided by (-414)/(-483) - (-2)/14?
0
Suppose 0 = -4*x + 2*s + 298, -24*x + 21*x - 2*s = -213. Calculate the remainder when x is divided by 22.
7
Suppose -19*m + 1037 = -2*m. What is the remainder when 2073 is divided by m?
60
Suppose -c - 1011 = -4*c. What is the remainder when c is divided by 20?
17
Calculate the remainder when ((-7420)/159)/(7/(-3) + 2) is divided by 9.
5
Let y = -673 - -1011. Calculate the remainder when y is divided by 31.
28
Let a(f) = 6*f**2 - f - 2. Let w be a(-2). What is the remainder when 200/(-3)*w/(-16) is divided by 26?
22
Suppose 4*o + 92 = 5*b, -2*b + b + 31 = -5*o. Calculate the remainder when 8/10*(-470)/(-4) is divided by b.
14
Suppose 0 = -2*l - 4, 0*l + 36 = 3*w - 3*l. Suppose -t = -3*v + 6 - 1, 4*v - 3*t - w = 0. What is the remainder when 11 is divided by 3 - 16/(-4)*v?
4
Calculate the remainder when 25/(1386/6580 - (-1)/(-5)) is divided by 16.
14
Let x be (-7 - -7) + (-2)/(-1). Suppose -2*g = x*g - 68. What is the remainder when 265/4 - 1/4 is divided by g?
15
Let h(j) = -2*j - 5. Let g(m) = m**2 - 10*m + 15. Let y be g(7). What is the remainder when 12 is divided by h(y)?
5
Suppose 5*g + 3771 = 4*h, 11*h + g + 3775 = 15*h. Calculate the remainder when h is divided by 45.
44
Suppose -6*j = -2*j + 12. Let s be 47/((-2)/6*j). What is the remainder when 2/(-4 - (-190)/s) is divided by 12?
11
Let c = 46 + -67. Let v(w) = -w. What is the remainder when v(c) is divided by 5?
1
Let r = 16 + 19. Let v = -18 + r. Calculate the remainder when v is divided by 9.
8
Let a = -10 - -55. Suppose 5*s + n + 3*n - a = 0, -n = 0. What is the remainder when 195 is divided by s?
6
Suppose v = -4*z - 139, 543 = -0*v - 4*v - 3*z. Let d = -98 - v. Calculate the remainder when d is divided by 8.
5
Let a(i) = 14*i + 568. What is the remainder when a(29) is divided by 65?
64
Let f be ((-36)/8)/(-3) + 1/(-2). Calculate the remainder when 87 is divided by (-4)/f*1/(1/(-11)).
43
Let y(x) = -x**2 - 10*x + 3. Let d be y(-9). Let o be 3/(42/1393) + 1/(-2). Suppose -o = 9*s - d*s. Calculate the remainder when s is divided by 9.
6
Suppose -5*v = 20 - 5, -3*x - 5*v = -156. Calculate the remainder when x is divided by 30.
27
Suppose 0 = 5*w - 4*k + 8, 4*w = 8*w + 4*k - 8. Let g be ((1 - 0)*19)/1. Suppose w = -2*m + 39 + g. What is the remainder when 56 is divided by m?
27
Suppose -20*u + 241 = -319. Calculate the remainder when 111 is divided by u.
27
Suppose -19 = -5*u - t, -3*u + 13 = 4*t + 5. What is the remainder when 16 is divided by u?
0
Let v = -9 - -4. Let y(g) = -23*g - 449. Calculate the remainder when y(-22) is divided by (v - 0)*(-3 + -1).
17
Let h(q) = -q**3 + q**2 + 15*q + 24. Calculate the remainder when h(-5) is divided by 48.
3
Let j = 290 - -13. What is the remainder when j is divided by